-6). What is the remainder when 27 is divided by (-10 + m)/(1/(-5))?
2
Calculate the remainder when 78 + -9 + (-4 - -6) is divided by 37.
34
What is the remainder when 403 is divided by 130 + -2 - (-8 - (14 - 25))?
28
Suppose -4*o + 14*z = 9*z - 112, 0 = o + 3*z - 28. Suppose 49 - 7 = -3*b. Let v = b + o. What is the remainder when 53 is divided by v?
11
Let c(m) be the second derivative of 1/6*m**3 + 4*m + 0*m**2 + 0. Calculate the remainder when 43 is divided by c(11).
10
Let o(g) = -64*g - 39. Calculate the remainder when 530 is divided by o(-2).
85
Suppose 2*n = 3*b - 5 + 138, -n - 3*b + 62 = 0. What is the remainder when 257 is divided by n?
62
Let h be ((-5 - -3) + 12)*(-4)/(-8). Let x(c) = 2*c + 4 + 1 - 2. Calculate the remainder when 50 is divided by x(h).
11
Suppose 5*l - 2*j - 3 = 1, -3*j = 2*l + 6. Suppose 2*v = -8, l*v - v = -k + 12. What is the remainder when 140/6 - 2/6 is divided by k?
7
Let l be 330/5 - (1 - 2). Let b = l - 37. Calculate the remainder when b is divided by 11.
8
Let v be (-6 - -7)*(1 + 2 + 0). Suppose -a + 36 + 2 = v*j, 2*a = -2*j + 20. What is the remainder when j is divided by 5?
4
Calculate the remainder when -1*6/(60/(-790)) is divided by 12.
7
Suppose -5*o - 10 = -10*o. Suppose -4*s + 204 = z + 3*z, -3*z + o*s = -148. Calculate the remainder when z is divided by 20.
10
Suppose -4*v + x - 72 = -1351, 5*v - 1580 = -5*x. Calculate the remainder when v is divided by 92.
43
Let p = 631 - 556. What is the remainder when 297 is divided by p?
72
Suppose 0 = 5*u - 180. Suppose 16*j = 4*o + 13*j - 74, -5*o + 110 = 5*j. Calculate the remainder when u is divided by o.
16
Suppose 3*j + 6 = 0, 3*u + 5*j = 65 + 9. Suppose -u = -2*v + 4. Calculate the remainder when 29 is divided by v.
13
Suppose 5*c - 5*u - 815 = 0, 0*c - u = c - 165. What is the remainder when c is divided by 21?
17
Suppose -4*p + 478 + 242 = 0. What is the remainder when p is divided by 46?
42
Let l = -52 + 127. What is the remainder when l is divided by 10?
5
Suppose -3*m = -4*x + 3 - 0, 0 = -5*m - 2*x + 21. Let g(o) = 6*o + 6. What is the remainder when g(m) is divided by 7?
3
Let x be 88/(-3)*6/(-4). Suppose -40*z = -x*z + 88. What is the remainder when 64 is divided by z?
20
Suppose -20*r = -854 - 786. What is the remainder when r is divided by 14?
12
Suppose 3*i - 21 = 3*x, 5*x = -2*i + 1 + 20. Let c be 330/25 + (-2)/10. Calculate the remainder when (-10)/65 + 379/c is divided by i.
5
Suppose 3*p - 71 = 19. Let l be 108/p - (-2)/5. Suppose 0 = 4*s - v - 261, 0*v + 264 = 4*s - l*v. Calculate the remainder when s is divided by 11.
10
Let t(h) = h**3 + 7*h**2 + h + 48. Calculate the remainder when t(6) is divided by 88.
82
Let x(b) = -b**2 - 7*b - 6. Let y be x(-9). Let g = 34 + y. Suppose 0 = 3*j - 96 - 15. Calculate the remainder when j is divided by g.
7
Suppose -70 = -3*m - 7. Let l = -28 + 30. Suppose 63 = 5*f + l*s, -2*f - s + 10 = -4*s. What is the remainder when m is divided by f?
10
Let l(t) = -23*t + 134. Calculate the remainder when l(-8) is divided by 64.
62
Suppose 4*c + 4 - 22 = -2*t, 5*c - 30 = -4*t. Suppose f = -f - 5*j + 39, -2*f - c*j + 30 = 0. Calculate the remainder when 34 is divided by f.
10
Suppose -105 + 5 = -5*r. Suppose 0 = -3*y + 13 + r. Calculate the remainder when 39 is divided by y.
6
Let l = -127 + 135. Suppose 8 = 3*n - 1. Calculate the remainder when l is divided by 5 - (n + -3 + 0).
3
Let q = -64 - -119. Suppose -4*u = 4*h - 6*h + 74, 3*h = 2*u + 95. What is the remainder when q is divided by h?
26
Let p(r) = 100*r - 546. What is the remainder when p(7) is divided by 33?
22
Suppose 60*w - 13210 = 33530. What is the remainder when w is divided by 27?
23
Let a(m) = 2*m + 15. Suppose 0 = 2*u - 4*z - 12, -2*u - 5 = 2*z + 1. Suppose 2*w - 4*w + 88 = 0. What is the remainder when w is divided by a(u)?
14
Let u = 553 - 498. Calculate the remainder when 598 is divided by u.
48
Let w(z) = -4*z + 2 + 2*z - z**3 + 6*z + 0*z**2 + 3*z**2. Let p be w(4). Calculate the remainder when 19 is divided by 11/(p/(-3 - -5)).
8
Let o = -11 - 0. Let d = -4 - o. What is the remainder when 19 is divided by d?
5
Suppose 420 = 1751*z - 1739*z. Calculate the remainder when z is divided by 30.
5
Suppose 0 = -19*g + 74 + 116. Let i(w) = -4*w**2 + 3*w + 1. Let f(a) = a**2 + a. Let c(d) = -5*f(d) - i(d). Calculate the remainder when g is divided by c(-7).
4
Suppose 4*j - 201 = -w, -6*w = -3*j - w + 168. Calculate the remainder when j is divided by 19.
13
Let j be ((-30)/(-20))/(3/22). Let c(k) = -k**2 + 15*k - 21. What is the remainder when 67 is divided by c(j)?
21
Suppose -2*y - 28 = -3*b - 3*y, -2*b = 4*y - 22. Suppose -b*f + 311 = -112. Calculate the remainder when f is divided by 25.
22
Suppose 6*y + 5*y - 1485 = 0. Calculate the remainder when y is divided by 37.
24
Let b be (-6)/27 - (-768)/54. Calculate the remainder when (-7)/(b/(-80)) + 1 + -2 is divided by 8.
7
Let h(d) = d**3 + 25*d**2 + 20*d + 7. Let t(p) = p - 41. Let c be t(17). Calculate the remainder when h(c) is divided by 26.
25
Suppose 5*h - 309 = -3*p, -3*p = -3*h + 31 - 340. Let k be (2/(-2))/((-1)/(-57)). Let d = k + p. Calculate the remainder when d is divided by 16.
14
Let i = 6 + -4. Let f(r) = -r**2 + 13*r - 26. Calculate the remainder when ((-24)/(-10) - i)*45 is divided by f(9).
8
Let c = 6 + -29. Let r = c - -33. Let h(x) = -x**3 - 7*x**2 + 7*x - 2. What is the remainder when r is divided by h(-8)?
4
Let i = 28 - 8. Suppose i + 0 = 5*o. What is the remainder when 6 is divided by 9/6 + 6/o?
0
Let s(w) = -3*w**2 - 14*w - 32. Let r be s(-6). Let b = -33 - r. Calculate the remainder when b is divided by 12.
11
Suppose -582 = -21*r - 372. Let t = -3 - 0. Calculate the remainder when (-224)/(-6) - t/(-9) is divided by r.
7
Suppose -2*t + 2*z + 0*z + 10 = 0, 4*t = 5*z + 18. Let a be (-2)/4 + (-14)/(-4). Suppose t*m = a*m + 132. What is the remainder when m is divided by 18?
15
Suppose -4*n + 70 = -5*l - 100, 578 = 16*n - 3*l. What is the remainder when n is divided by ((-5)/3)/(1/(-6))?
5
Suppose 0*p = -4*p + 44. Suppose 365 = 5*g + 70. Suppose g = 5*d - p. What is the remainder when 55 is divided by d?
13
Let y(o) = 229*o**3 + 8*o - 8. Calculate the remainder when y(1) is divided by 72.
13
Let y(n) = -41*n + 29. Let b be y(-13). Suppose -7*t = -b - 19. What is the remainder when t is divided by 21?
20
Let p(t) = -7*t - 11. Suppose u + 1 = -3. What is the remainder when 67 is divided by p(u)?
16
Suppose -17*k + 91 = -470. Calculate the remainder when 124 is divided by k.
25
Suppose -28*t + 4 = -24*t, -4*y = 3*t - 71. What is the remainder when (2/(-6))/((-3)/423) is divided by y?
13
Let r(i) = i**3 - 2*i**2 - 2. Let u(c) = -c + 7. Let l be u(4). Calculate the remainder when r(l) is divided by 2.
1
Let t = -21 + 42. What is the remainder when t is divided by 4 + (-30)/((-12)/4)?
7
What is the remainder when 3*((13 - -5) + 3) is divided by 14?
7
Suppose 0 = 4*t, -b + 3*t = 5*t - 14. Let d = -26 + 1. Let s = d + 78. Calculate the remainder when s is divided by b.
11
Let x be 3/5 + (-418)/(-95). Suppose -x*y + 49 + 95 = k, -4*k - y + 671 = 0. Calculate the remainder when k is divided by 43.
40
Let p(s) = s**2 + 9*s + 4. Suppose -2*z = -0*z + 18. Let g be p(z). What is the remainder when 2*g/((-32)/(-196)) is divided by 17?
15
Let f = 509 - 193. Calculate the remainder when f is divided by 11.
8
Let q(t) = 26*t + 257. Calculate the remainder when q(-9) is divided by 2/5 - 441/(-35).
10
Suppose -180 = -5*r + 9*r. What is the remainder when 32 is divided by (1 + (-2)/3)/(r/(-1620))?
8
Let m be 16/5 - (-11)/(-55). Suppose 3*l + 2*l - m*n + 30 = 0, -2*l - n = 1. What is the remainder when 46 is divided by 1/l - (-74)/6?
10
Calculate the remainder when 20*2/4*(-396)/(-55) is divided by 38.
34
Calculate the remainder when 427 is divided by 2666/(-186)*(-3 + 0).
40
Let h(g) = -g**2 + 4*g - 1. Let y be h(7). Let u = y + 36. Calculate the remainder when 69 is divided by u.
13
Let w(j) = -j**3 - 22*j**2 - 2*j - 26. Let r(t) = t**2 - 8*t - 15. Let c be r(7). What is the remainder when w(c) is divided by 11?
7
Suppose -2*r - 3*t = -13, t - 4*t + 1 = -4*r. Suppose 8*a = 11*a - 3. Suppose -8*j + 15 = -a. What is the remainder when r is divided by j?
0
Suppose 7 - 1 = 3*h. Let z = 106 - -9. L